What is the units digit of n?
8
Let x(s) = -s**2 - 6*s + 1. What is the units digit of x(-4)?
9
Suppose -4*o + 5*m + 153 = 0, m - 3*m = -2*o + 76. What is the tens digit of o?
3
Suppose 3*m - 17 = 10. Suppose m*o = 4*o - 10. What is the units digit of o + 22*3/6?
9
Suppose 2*x = -0*x. Suppose 2*i + u = i + 1, 4*u = x. What is the units digit of i*2 + (-16)/(-8)?
4
Let d(i) be the first derivative of 10*i**3/3 - 3*i**2/2 + 2*i + 2. Let s be d(2). Suppose -u + 45 = 5*f, -4*f + s = -0*f + 3*u. What is the units digit of f?
9
Let q(a) = 4*a + 6. What is the units digit of q(7)?
4
Let j(q) = 4*q**2 + 3*q + 29. Let d(g) = 7*g**2 + 5*g + 57. Let l(u) = 3*d(u) - 5*j(u). What is the units digit of l(0)?
6
Let i(j) = 5*j + 3. Let t be i(-4). Let a = t + 47. What is the tens digit of a?
3
Let c(n) = -n**2 + 5*n + 2. Let x be c(5). Suppose -w - 8 = -x*w. What is the units digit of w?
8
Let x = 9 + -7. Suppose x*h - 60 = -h. What is the tens digit of h?
2
Let o(n) = n**3 + 4*n**2 + n + 5. What is the units digit of o(-4)?
1
Suppose -6 + 1 = -5*x. What is the units digit of (14/(-3) + x)*-3?
1
Suppose 2*p = 4*p - 4. Suppose -p*w = 2*w. Let k = w - -1. What is the units digit of k?
1
Let p = -6 + 7. Suppose -6 - 1 = -2*a + x, 0 = -x - p. What is the units digit of a?
3
Let w(k) = -k**3 + 6*k**2 - 7*k + 4. Let j be w(5). What is the units digit of (-8)/j*9/6?
2
Suppose 2*d - 2*l = 2*l + 362, -5*d + 905 = -4*l. What is the tens digit of d?
8
Suppose 0 = y + 3*j + 2*j - 56, 3*y - 5*j = 88. Suppose u + y = 5*u. What is the units digit of u?
9
Let i(y) = -13*y**2 + 7*y - 2. Let j(u) = 7*u**2 - 4*u + 1. Let b(f) = -6*i(f) - 11*j(f). Suppose -2*l = -6*l - 16. What is the units digit of b(l)?
9
Let x = 47 - 13. Suppose -10 = -4*f + x. What is the units digit of f?
1
Suppose 0 = -4*x + 32 - 4. Suppose o - 4*g + 3 = -x, 2 = 4*o - 2*g. What is the units digit of o?
2
Let j = 2 + -9. Let y = j + 9. What is the units digit of y?
2
Let s(w) = 3 + 4*w + 0 + 2 - 3 + 3*w**2. Let u be (2 + 3)*(-2)/5. What is the units digit of s(u)?
6
Suppose 6*i - i - 20 = 0. Suppose -4*f + 3*f + i = 3*l, -l = f - 4. What is the units digit of -3*5/(-3) + l?
5
Suppose 5*z - 5*v - 65 = 0, 0 = -4*z + v + 113 - 46. Suppose -44 = -5*a + 66. Suppose z + a = 5*n. What is the units digit of n?
8
Let h(k) = k**2 + 6*k + 4. Let q be h(-6). Suppose 0 = 2*j + 2 - q. What is the units digit of j?
1
Let z = 83 - 23. Suppose -x - z = -5*x. What is the units digit of x?
5
Suppose 3 - 7 = -2*p. Suppose -u + p*z = 63, 0*u - 2*u + z = 117. What is the units digit of (-4)/22 - u/11?
5
Let f(d) = -66*d**3 + d**2 + d - 1. Let s be f(1). Let b = -46 - s. What is the units digit of b?
9
Let w(k) = -2*k - 6. Let f be w(-4). Suppose 17*q = 10*q + 7. Suppose -3*b = -f - q. What is the units digit of b?
1
Suppose -4*a + 4*m + 22 = -9*a, 1 = a - m. Suppose 3*y - 6 = -0. What is the units digit of a*1 - -14 - y?
0
Suppose 4*k = -2*a + 7*a + 17, 2*k = -2*a - 14. Suppose -f + 1 = -0*f. Let h = f - k. What is the units digit of h?
3
Let i(l) = -l**2 + 7*l - 7. Let y be i(6). What is the tens digit of 33/6*-2*y?
1
Let t be (-1)/1*(6 - 9). Suppose -6 = -t*y + 9, 5*y = 2*m + 13. What is the units digit of m?
6
Let s(f) be the first derivative of 3*f**2 - 4*f - 2. What is the units digit of s(3)?
4
Let i = 5 + -3. Suppose 0 = 4*m, 0 = 4*o + i*m - 5*m + 4. What is the tens digit of 2/(14/12 + o)?
1
Let a(k) = k**3 - 2*k**2 + k + 3. What is the tens digit of a(5)?
8
Suppose 4*t - 8*t = -28. Let w = 0 + t. What is the units digit of w?
7
Suppose 0 = 2*z - 3*o - 12, -4*o = 5*z - 0*o - 30. What is the units digit of z?
6
Let t(j) = 33*j - 42. What is the units digit of t(7)?
9
Suppose -2*o = 2*p - 7*p - 106, 5*p + 250 = 5*o. What is the units digit of o?
8
Suppose 3*b - v + 6*v = 681, 0 = -5*b + 2*v + 1135. What is the units digit of b?
7
Let n be -3 + 3 - (-2 - 1). Suppose 4*y + 1 = -j - 8, -2*y = -5*j - 23. What is the units digit of -2 - y*4*n?
0
Let s = -14 - -8. Let m(w) = w**3 + 6*w**2 - w. What is the units digit of m(s)?
6
Suppose 2*m - 4*a - 282 = 0, -2*a = -7*a + 10. What is the units digit of m?
5
Let m(h) = 5*h**3 + 31*h**2 + 33*h + 37. Let v(u) = 2*u**3 + 15*u**2 + 16*u + 18. Let y(b) = -3*m(b) + 7*v(b). What is the units digit of y(13)?
5
Suppose 1 = 5*g - 19. Suppose 2*d - 30 = g*u, -11 = -d - 2*u - 0*u. What is the units digit of d?
3
What is the units digit of (-172)/(-3) + (-2 - 10/(-6))?
7
Let u(v) be the first derivative of -v**5/120 + 23*v**4/24 - 2*v**3/3 - 1. Let x(o) be the third derivative of u(o). What is the units digit of x(12)?
1
Suppose 3*n - 6*n = -9. Suppose 2*i = n*o + 39, 12 = 3*o + o. Suppose -t = -5*y + y + 17, 3*y - i = 3*t. What is the units digit of y?
3
Let q = 26 - 16. Suppose -3*x - q = -43. What is the units digit of x?
1
Suppose 0*v - 3*v + 3 = 0, 5*r + 4*v = 54. What is the units digit of r?
0
Let s = -12 - -19. Suppose -k - 2 = s. Let b = k + 15. What is the units digit of b?
6
Let i = -104 - -54. Let h = i + 85. What is the tens digit of h?
3
Suppose -r + 3 = -2*o, 5 = 3*r + 5*o - 4. Suppose -5*m - 11 = -3*j, -j = j + m - r. What is the units digit of j?
2
Suppose -2 = -p + 4. What is the units digit of 30/(-4)*p/(-9)?
5
Let h(s) = s**3 + 14*s**2 - 2*s - 19. What is the units digit of h(-14)?
9
Let x(i) = i - 4. Let k be x(4). What is the units digit of 1*13 - (1 + k)?
2
Let u = -19 - -24. Let s(a) = a**2 - 4*a - 4. What is the units digit of s(u)?
1
Suppose 5*o + 5*c - 25 = 0, 0*o - 3*c = 2*o - 13. Suppose -3*u - u = -o*a + 70, -2*a - 5*u = -34. What is the tens digit of a?
2
Let r = 42 - 18. What is the tens digit of r?
2
Suppose -135 = -5*y - 80. What is the units digit of y?
1
Suppose 0 = 7*o - 15*o + 264. What is the units digit of o?
3
Let a = 46 - 12. Let l = -9 + a. What is the units digit of l?
5
What is the units digit of (-2)/(-6) + 92/3?
1
Suppose -4*r + 30 = -r. Suppose -2*p + r = 3*p. What is the units digit of 1 - (1 - (p + 2))?
4
Let x be 15/10*4/6. What is the units digit of -3*3/(-9)*x?
1
What is the tens digit of (-5 + -1)/3 + -1 + 67?
6
Let j = 19 + -3. What is the tens digit of j?
1
Let s = 15 + 5. What is the units digit of (s/5)/(4/14)?
4
Let u = -5 + 0. Let l = u - -3. Let n = l - -4. What is the units digit of n?
2
What is the hundreds digit of (3 + 6/3)*178/5?
1
Let u be 20/(-12) + (-4)/(-6). Let o(y) = -12*y - 1. What is the tens digit of o(u)?
1
Suppose 0*f + 10 = 2*f. Suppose -n + 6 = 2*n - 4*b, 0 = -2*n - f*b - 19. Let y(l) = l**2 - 3*l - 3. What is the units digit of y(n)?
7
Suppose -745 = -5*l + 4*z, -2*l - 7*z = -3*z - 298. What is the hundreds digit of l?
1
Let y(s) = 1 + s**2 + 0 + s + 0. Let k be y(-2). Suppose -5 + 2 = -3*q, o - 4 = k*q. What is the units digit of o?
7
Let g = 11 + -8. Suppose -1 = -g*l + 5. What is the units digit of l?
2
Let r(z) = 2*z**2 + 2*z - 5. What is the units digit of r(4)?
5
What is the hundreds digit of (102/(-18))/(3*(-3)/324)?
2
Let q be (-1*2)/(-2)*5. Let m(i) = 4*i. Let h be m(-1). What is the units digit of -1 - -9 - (h + q)?
7
Let m = -8 + 12. Suppose -4*b = -4*d - 44, -m*d = -2*b - 2 + 22. What is the tens digit of b?
1
Let x(j) = -j + 10. Let h be x(8). Suppose 3*a - 50 = -h*a. Suppose 0 = 5*z - m - a, z + 0*z = 2*m + 11. What is the units digit of z?
1
What is the units digit of (14*4)/2 - -2?
0
Suppose -y = y. Suppose 2*f - 4 = 2*c, 2*c = -2*f + 2 + 2. Suppose -f*a - 4*o + 30 = y, 11 = -a + 2*a + o. What is the units digit of a?
7
Suppose 19 + 6 = 5*h. Let s = 6 + -3. Let d = s + h. What is the units digit of d?
8
Suppose -11 = -2*n - 3. Suppose -4*u = -3*u - n. What is the units digit of u?
4
Let z = -118 - -186. What is the tens digit of z?
6
Let x = -9 - -153. What is the tens digit of x?
4
Let q = 37 - 21. What is the units digit of q?
6
Suppose 2*m - m = 48. Suppose 7 = 5*a - m. What is the tens digit of a?
1
Suppose 5*h + 4*i - 52 = 0, -5*h = -4*i - 0*i - 68. What is the units digit of h/15*(-15)/(-6)?
2
Suppose 5*t = -4*m + t, 5*m = 5*t - 50. Let x be (-5)/m*-5*1. Let a = x + 9. What is the units digit of a?
4
Let u = 7 - 2. Suppose -3*g + 17 = 5*f, u*g - 64 = 4*f - 11. What is the units digit of g?
9
Let v be ((-77)/(-14))/(1/4). Let b = 36 - v. What is the units digit of b?
4
Let k(j) = j**3 - 15*